{"id":1204,"date":"2022-04-12T16:46:11","date_gmt":"2022-04-12T13:46:11","guid":{"rendered":"https:\/\/hautalahti.fi\/kauppa\/?post_type=product&#038;p=1204"},"modified":"2026-04-17T09:17:38","modified_gmt":"2026-04-17T06:17:38","slug":"bmw-m57tu-terasvauhtipyora","status":"publish","type":"product","link":"https:\/\/hautalahti.fi\/kauppa\/tuote\/bmw-m57tu-terasvauhtipyora\/","title":{"rendered":"BMW M57TU Ter\u00e4svauhtipy\u00f6r\u00e4"},"content":{"rendered":"<p>Ter\u00e4svauhtipy\u00f6r\u00e4 BMW:n Diesel koneisiin kaksoismassa vauhtipy\u00f6r\u00e4n tilalle.<\/p>\n<p>M57TUD30 johdannaisiin moottoreihin.<\/p>\n<p>Sopivuus my\u00f6s muihin kaksoismassa vauhtipy\u00f6r\u00e4ll\u00e4 oleviin.<\/p>\n<p>-Hammaskeh\u00e4n Asennusmitta 265.3mm T\u00e4st\u00e4 my\u00f6s muita variaatioita.<\/p>\n<p>-240mm Kytkimelle<\/p>\n<p>-SRE-765 Asetelmalle<\/p>\n<p>-Paino n.7kg<\/p>\n<p>Toimitetaan ilman Hammaskeh\u00e4\u00e4!!<\/p>\n<p>Ei Tasapainoitettu!<\/p>\n<p>Vain Kilpa K\u00e4ytt\u00f6\u00f6n!!<\/p>\n<p>Tuotteet valmistetaan mittatilausty\u00f6n\u00e4 tilauksesta!<\/p>\n","protected":false},"excerpt":{"rendered":"<p>Ter\u00e4svauhtipy\u00f6r\u00e4 BMW:n Diesel koneisiin kaksoismassa vauhtipy\u00f6r\u00e4n tilalle. M57TUD30 johdannaisiin moottoreihin. Sopivuus my\u00f6s muihin kaksoismassa vauhtipy\u00f6r\u00e4ll\u00e4 oleviin. -Hammaskeh\u00e4n Asennusmitta 265.3mm T\u00e4st\u00e4 my\u00f6s muita variaatioita. -240mm Kytkimelle -SRE-765 Asetelmalle -Paino n.7kg Toimitetaan ilman Hammaskeh\u00e4\u00e4!! Ei Tasapainoitettu! Vain Kilpa K\u00e4ytt\u00f6\u00f6n!! Tuotteet valmistetaan mittatilausty\u00f6n\u00e4 tilauksesta!<\/p>\n","protected":false},"featured_media":1205,"comment_status":"closed","ping_status":"closed","template":"","meta":[],"product_brand":[],"product_cat":[91,95,100],"product_tag":[78,122,88,50,52,57,53,56,58,121,120,55,13,54,97],"class_list":{"0":"post-1204","1":"product","2":"type-product","3":"status-publish","4":"has-post-thumbnail","6":"product_cat-bmw-osat","7":"product_cat-kaikkituotteet","8":"product_cat-vauhtipyorat","9":"product_tag-bmw","10":"product_tag-diesel","11":"product_tag-jokkis","12":"product_tag-kevennetty","13":"product_tag-m50","14":"product_tag-m51","15":"product_tag-m52","16":"product_tag-m54","17":"product_tag-m57","18":"product_tag-m57tu","19":"product_tag-m57tud30","20":"product_tag-sre-765","21":"product_tag-teras","22":"product_tag-terasvauhtipyora","23":"product_tag-vauhtipyora","25":"first","26":"instock","27":"taxable","28":"shipping-taxable","29":"purchasable","30":"product-type-simple","31":"czr-hentry"},"jetpack_sharing_enabled":true,"_links":{"self":[{"href":"https:\/\/hautalahti.fi\/kauppa\/wp-json\/wp\/v2\/product\/1204","targetHints":{"allow":["GET"]}}],"collection":[{"href":"https:\/\/hautalahti.fi\/kauppa\/wp-json\/wp\/v2\/product"}],"about":[{"href":"https:\/\/hautalahti.fi\/kauppa\/wp-json\/wp\/v2\/types\/product"}],"replies":[{"embeddable":true,"href":"https:\/\/hautalahti.fi\/kauppa\/wp-json\/wp\/v2\/comments?post=1204"}],"wp:featuredmedia":[{"embeddable":true,"href":"https:\/\/hautalahti.fi\/kauppa\/wp-json\/wp\/v2\/media\/1205"}],"wp:attachment":[{"href":"https:\/\/hautalahti.fi\/kauppa\/wp-json\/wp\/v2\/media?parent=1204"}],"wp:term":[{"taxonomy":"product_brand","embeddable":true,"href":"https:\/\/hautalahti.fi\/kauppa\/wp-json\/wp\/v2\/product_brand?post=1204"},{"taxonomy":"product_cat","embeddable":true,"href":"https:\/\/hautalahti.fi\/kauppa\/wp-json\/wp\/v2\/product_cat?post=1204"},{"taxonomy":"product_tag","embeddable":true,"href":"https:\/\/hautalahti.fi\/kauppa\/wp-json\/wp\/v2\/product_tag?post=1204"}],"curies":[{"name":"wp","href":"https:\/\/api.w.org\/{rel}","templated":true}]}}